. Suppose 12*j - r*j = -130. What is the units digit of j?
6
Let s = -13 + 18. Suppose -6*y + 3*y + 70 = -s*a, a = -5*y - 14. Let v = a - -65. What is the units digit of v?
1
Let b be 6*1 - (-9 + 10). Suppose -276 - 469 = -b*y. Suppose 0 = -z + 2*a - 5*a + 50, 5*a + y = 4*z. What is the tens digit of z?
4
Suppose -8*z + 136 = 40. Let c(k) = -k**2 + 10*k + 28. Let i be c(z). Suppose 4 = -2*a, -h + i*a + 36 = -16. What is the units digit of h?
4
Let x be 6042/81*3 - 8/(-36). Let b be x/(-35) - -2 - (-3)/(-5). Let a(r) = 8*r**2 - 18*r - 32. What is the hundreds digit of a(b)?
2
Let v be (-2)/(-19) + 8109/(-323). Let a(m) = -m**3 - 24*m**2 + 24*m + 11. What is the units digit of a(v)?
6
Let h = 36958 + 17353. What is the hundreds digit of h?
3
Let v(p) = 27*p**2 - 10. Let f be v(3). Suppose l + t - 109 = -l, -f = -4*l + 3*t. Let g = l + -14. What is the tens digit of g?
4
Let u(s) = -4*s + 19. Let k be u(4). Let y(q) = -q**3 - 43 - 3*q**2 + k*q**2 + 34 + 2*q. What is the hundreds digit of y(-6)?
1
Let g(b) = 35449*b**2 - 74*b + 72. What is the thousands digit of g(1)?
5
Suppose -n = -l + 2*n + 10, 2*l + 4*n = -10. What is the tens digit of l/7 + 42304/28?
1
Suppose -4*b + 2*g = -3212, -9*g + 2391 = 3*b - 6*g. Suppose 2*l + 0*l = 3*c - 1221, -2*c + b = 3*l. What is the hundreds digit of c?
4
Let q = 12985 + 29254. What is the ten thousands digit of q?
4
Let u(j) = j**2 - 50*j + 37. Let t be u(49). Suppose 3*w - 4*w = 0. What is the units digit of (-2)/(-8) + (-861)/t + w?
2
Let z(o) = 2*o**3 + 3*o**2 - o - 306. Let w(g) = -2*g**3 - 4*g**2 + g + 305. Let b(j) = -4*w(j) - 5*z(j). What is the tens digit of b(0)?
1
Suppose -696*j + 4026934 + 47103314 = 0. What is the units digit of j?
3
Suppose 2*z + 4*y = 66418, 6*z + 6*y = 2*z + 132824. What is the thousands digit of z?
3
Suppose 57*b = 47*b - 55*b + 422955. What is the tens digit of b?
0
Let r(v) = -56 - 16*v - 14*v**2 + 29*v**2 - v**3 + 31. What is the units digit of r(11)?
3
Suppose 0 = 5*b - 2*l + 38 - 3, 5*l - 45 = 4*b. What is the tens digit of b + (1*-3 - (-348 - 15))?
5
Suppose 2*i = -3*z + 48582, z + 945*i - 940*i = 16181. What is the ten thousands digit of z?
1
What is the hundreds digit of (-105746)/(-2) + 2970/135?
8
Let q be (-12)/9*(35 - -13). What is the units digit of q/6*(1380/(-16) - 0)?
0
Let t(g) = 268*g**3 + 40*g**2 - 100*g + 3. What is the ten thousands digit of t(6)?
5
Suppose 30*m - 151872 = 76428. What is the units digit of m?
0
Let a = 39385 - 26771. What is the tens digit of a?
1
Suppose 0 = 258*i - 3424837 - 4246793. What is the units digit of i?
5
Let s(o) be the second derivative of o**4/6 - o**3/3 - 3*o**2/2 + 7*o + 3. What is the units digit of s(-12)?
9
Let d(x) = 21*x - 227. Let b(h) = 22*h - 229. Let u(i) = -7*b(i) + 6*d(i). What is the hundreds digit of u(-29)?
0
Let j(u) = 2*u**3 + 22*u**2 - 20*u + 21. Let r be j(-12). What is the hundreds digit of r/(-18) + -2 + (-477)/(-2)?
2
Let m(n) = -1552*n - 2 - 11*n**2 + 1549*n + 3*n**3 + 0. What is the hundreds digit of m(6)?
2
Suppose 20*m = 26*m - 120. What is the tens digit of (-8)/m - (-107)/5?
2
Suppose 59 = o + 60. Let q be o/((2/(-4))/(177/6)). Let i = 164 - q. What is the units digit of i?
5
Let f be 5 + 1024 + 2 - 2*-1. Suppose -5*s = x + 232 - f, 4*s + 2*x - 636 = 0. What is the tens digit of s?
6
What is the units digit of 4/(-3) + 647/(-12)*-68?
5
Let k = 4783 - -4117. What is the thousands digit of k?
8
Let s be ((-238)/(-136))/(-2*1/296). Let l = 821 + s. What is the hundreds digit of l?
5
Let s(f) = -2431*f - 2593. What is the units digit of s(-11)?
8
Let s(q) = -q**3 + 10*q**2 + 3*q - 5. Let v = -90 - -99. Suppose 2*k + 2 - 8 = 2*n, -2*k = -5*n + v. What is the hundreds digit of s(k)?
1
Suppose -2*x - 80 = -7*b + 2*b, 4*x = -b + 38. Let j(r) = r**3 - 15*r**2 - 31*r - 32. What is the units digit of j(b)?
2
Suppose 41969 = y + 5*g + 272, -2*g - 41662 = -y. What is the tens digit of y?
7
Let c(u) = 66*u + 8284. What is the ten thousands digit of c(96)?
1
Suppose 0 = 5*v - 3*a - 94152, 7*v - 18840 = 6*v - a. What is the hundreds digit of v?
8
Let q(y) = -y**2 - 13*y + 1. Let r be (-278)/(-6) - (-10)/15. Let p = r - 59. What is the tens digit of q(p)?
1
Let r(t) be the first derivative of 3*t**2 + 70*t + 59. What is the units digit of r(-7)?
8
Suppose 0 = -3*i - m + 127590, 29*i - m - 170134 = 25*i. What is the units digit of i?
2
Let d be (4 + 29/1)/(18/132). Suppose -5*w - 3*v = -1111, -2*v = -5*w + 884 + d. What is the tens digit of w?
2
Suppose b = 6 - 2. Let m = b + 80. Suppose -2*v - v + 3*k + m = 0, 2*k = -3*v + 84. What is the tens digit of v?
2
Let c(w) = 3*w + 13 + w**3 - 16*w**2 - 3 + 11. Suppose 0 = 9*i - 597 + 453. What is the tens digit of c(i)?
6
Let n(v) = v**3 - 9*v**2 + 6*v + 18. Let j be n(8). Let r be (1/j)/((-2)/(-516)). Let c = r + -28. What is the units digit of c?
1
Let k(h) = 3*h + 39. Let q be k(-11). What is the units digit of 8142/15 - q/(-5)?
4
Suppose -5*c = 5*o - 64185, 243*o - 244*o = -4*c - 12792. What is the hundreds digit of o?
8
Let y(b) = 38*b**2 - 3*b - 14. Let l be y(-4). Let j = -328 + l. What is the tens digit of j?
7
Suppose -o = -a - 90, 3*o + 5*a - 68 - 226 = 0. Suppose -o = 8*j - 373. What is the units digit of j?
5
Let i be (-2145)/26 + (-2)/(-4). Let t = 151 + i. Suppose -t = -28*u + 27*u. What is the units digit of u?
9
Suppose 0 = -5*q + 4*j + 3697, -2231 = 5*q - 8*q - 4*j. Suppose -3*f + q = 4*d, -374 = -3*d + d + 2*f. What is the hundreds digit of d?
1
Suppose -3*q - q - 3*q + 9170 = 0. What is the units digit of q?
0
Let z(m) = m**2 - 7*m - 3. Let k be z(8). Let l(y) = -11*y**2 + 3*y + 24 + 16*y**2 - 13*y. What is the units digit of l(k)?
9
Let t(d) = 118*d + 1064. Let b be t(-9). Let v(i) = i + 3. Let z be v(0). Suppose -z*c - b*c = -640. What is the hundreds digit of c?
1
Let n = -274 - -274. Suppose -4*s + 275 + 1293 = n. What is the units digit of s?
2
Let f = 12218 + -8679. What is the tens digit of f?
3
Let t(i) = 89*i**3 - 5*i**2 - 20*i + 39. What is the thousands digit of t(3)?
2
Let r(a) = -a**3 + 5*a**2 - 4*a - 2. Let b be r(3). Let i(y) be the first derivative of 5*y**3/3 - y**2/2 + 20*y - 1. What is the units digit of i(b)?
6
Let o(d) = 3*d**2 - 4*d + 1. Let a be o(3). Suppose -a*q + 861 = -2499. What is the hundreds digit of q?
2
Suppose 96 = 5*v - 3*l, v + 2*l - 30 = -l. Suppose 6*a = -14 - 46. Let f = v - a. What is the units digit of f?
1
Let n(w) = -3*w**3 + 142*w**2 + 14*w - 162. What is the thousands digit of n(47)?
2
What is the units digit of ((-465)/(-2))/((-38)/20 + 2) - -4?
9
Suppose 0 = -3*i + 3*k - 123, 4*k - 33 - 11 = i. Let c = 284 + -168. Let d = i + c. What is the units digit of d?
6
What is the units digit of (-2 + -4)/(2982/747 - 4)?
7
Let w(l) = 282*l - 1178. What is the hundreds digit of w(51)?
2
What is the units digit of 96/(9*8/5784)?
2
Suppose -25*n + 32 = -21*n. Suppose 5*k - 3588 = -n*k. What is the hundreds digit of k?
2
Let n(f) = -12*f + 24. Let p be n(2). Suppose -2*j - 2*j - 3*o = -1543, 3*j = o + 1141. Suppose 7*z + j - 1201 = p. What is the hundreds digit of z?
1
Suppose 24*g + 4*w = 25*g - 6364, w - 31946 = -5*g. What is the units digit of g?
8
Let m(z) = -421*z**3 - 13*z**2 - 42*z + 2. What is the units digit of m(-3)?
8
Let o = -276 - -19. Let j = 31 - o. What is the hundreds digit of j?
2
Suppose 4*u - 5*d = 60, -u - 2*d + 7*d = -15. Suppose -2668 = -u*j + 6482. What is the units digit of j?
0
Let x(y) = -y**3 - 53*y**2 - 155*y - 96. What is the hundreds digit of x(-68)?
8
Let n = 125 + -166. Let q = 395 + n. What is the hundreds digit of q?
3
What is the units digit of (((-8)/(-4))/(6/2))/(74/2010765)?
5
Let j = -2 - -6. Suppose 3*p + 2*y - 3 = j*y, 0 = -p + y. Suppose -531 = 2*a - 6*a + p*k, -a = 5*k - 104. What is the units digit of a?
9
Suppose -4*r + 3*f = -102150, 5*r + 4*f - 9*f - 127695 = 0. What is the thousands digit of r?
5
Let o(l) = l**3 - 6*l**2 - 35*l - 12. Let h be o(-3). What is the units digit of h/16 + (-79515)/(-108)?
7
Let w be ((-247)/114)/((-2)/12). Let l(d) = -15*d - 5 + w - 3 + 2. What is the tens digit of l(-4)?
6
Let v(l) = -2407*l + 653. What is the units digit of v(-4)?
1
Suppose -2*z - 7*a + 14 = -5*a, 2*a = z - 16. Let l = z + -3. Suppose 0 = v - 16 - l. What is the units di